atest common divisor of 380 and 124070.
190
What is the greatest common factor of 99 and 2340?
9
Calculate the greatest common divisor of 162 and 227016.
54
What is the greatest common divisor of 278876 and 403?
403
Calculate the highest common factor of 717 and 95122.
239
Calculate the highest common divisor of 904 and 4859.
113
What is the highest common divisor of 456 and 162108?
228
What is the highest common divisor of 258800 and 400?
400
Calculate the highest common factor of 342918 and 54.
18
Calculate the highest common divisor of 612 and 361896.
204
What is the highest common factor of 6214 and 1664?
26
Calculate the greatest common divisor of 4293270 and 270.
270
What is the highest common factor of 28424 and 238?
34
Calculate the greatest common divisor of 15 and 54195.
15
What is the greatest common divisor of 2945 and 1045?
95
Calculate the highest common divisor of 232866 and 68.
34
What is the greatest common divisor of 64086 and 7194?
66
What is the highest common divisor of 9870 and 86292?
282
Calculate the highest common divisor of 1155 and 82425.
105
What is the greatest common factor of 12 and 61158?
6
What is the highest common factor of 747923 and 33?
11
What is the greatest common divisor of 24768 and 27?
9
What is the highest common factor of 368 and 17488?
16
What is the greatest common divisor of 2625 and 17010?
105
Calculate the greatest common factor of 68950 and 14.
14
Calculate the greatest common divisor of 1173 and 28773.
69
Calculate the highest common factor of 15865 and 190.
95
Calculate the highest common factor of 216 and 201372.
12
Calculate the greatest common factor of 16 and 19498.
2
What is the greatest common factor of 3387424 and 96?
32
Calculate the highest common divisor of 95353 and 1775.
71
Calculate the greatest common factor of 952891 and 213.
71
Calculate the greatest common factor of 13912 and 97976.
296
Calculate the highest common factor of 144 and 4936752.
144
Calculate the greatest common factor of 9 and 330576.
3
What is the greatest common factor of 91665 and 90?
45
Calculate the greatest common factor of 136 and 2035784.
136
Calculate the greatest common factor of 20 and 1178140.
20
What is the highest common divisor of 79819 and 741?
19
Calculate the highest common factor of 201530 and 672.
14
What is the highest common divisor of 12 and 633?
3
What is the highest common divisor of 13 and 112697?
13
What is the greatest common divisor of 32 and 212144?
16
What is the greatest common factor of 1715 and 205?
5
What is the greatest common factor of 918 and 616862?
34
Calculate the greatest common factor of 36 and 74956.
4
What is the highest common divisor of 266 and 1073994?
38
What is the greatest common divisor of 95345 and 55?
5
Calculate the highest common divisor of 6776697 and 69.
69
Calculate the greatest common divisor of 265 and 310315.
265
What is the greatest common factor of 24 and 4308?
12
Calculate the highest common factor of 2795 and 1558535.
215
Calculate the greatest common factor of 41592 and 18.
6
What is the highest common factor of 1575 and 10359?
9
Calculate the highest common divisor of 427390 and 12245.
395
Calculate the highest common divisor of 7448301 and 252.
63
Calculate the highest common divisor of 407 and 1441.
11
Calculate the greatest common divisor of 5312 and 24236.
332
Calculate the greatest common divisor of 28 and 186452.
28
Calculate the greatest common divisor of 121 and 5731770.
121
What is the greatest common factor of 35 and 1032955?
35
Calculate the highest common divisor of 268 and 942824.
268
What is the highest common factor of 7125 and 1125?
375
Calculate the highest common factor of 105614 and 4.
2
What is the greatest common factor of 534177 and 42?
21
What is the greatest common divisor of 3568 and 11?
1
Calculate the greatest common factor of 2703 and 20247.
51
Calculate the highest common factor of 968760 and 72.
72
Calculate the greatest common factor of 348 and 9156.
12
Calculate the highest common divisor of 8857 and 3247.
17
What is the highest common factor of 7277 and 1653?
19
Calculate the highest common factor of 8410 and 640.
10
What is the greatest common factor of 214761 and 153?
51
Calculate the highest common divisor of 6490 and 17523.
649
Calculate the highest common factor of 70890 and 640.
10
What is the greatest common factor of 240 and 1600350?
30
What is the highest common factor of 4149 and 729?
9
Calculate the greatest common divisor of 116892 and 2244.
204
Calculate the highest common divisor of 16867 and 2727.
101
What is the highest common factor of 268042 and 138?
46
What is the highest common divisor of 279201 and 26?
13
Calculate the highest common factor of 110 and 426844.
22
Calculate the highest common factor of 26162 and 10300.
206
What is the highest common factor of 664827 and 2672?
167
What is the greatest common divisor of 1350 and 244500?
150
Calculate the greatest common factor of 832 and 1183.
13
Calculate the greatest common divisor of 568 and 21797.
71
What is the highest common divisor of 363970 and 850?
170
Calculate the highest common divisor of 897081 and 33.
3
What is the greatest common divisor of 34 and 62339?
17
Calculate the highest common factor of 13980 and 915.
15
Calculate the greatest common factor of 244 and 53360.
4
What is the greatest common divisor of 50348 and 921?
307
What is the greatest common factor of 2280 and 35?
5
What is the greatest common factor of 668 and 446725?
167
Calculate the greatest common factor of 6808 and 158792.
184
What is the greatest common factor of 97 and 59849?
97
Calculate the highest common divisor of 9083 and 124.
31
Calculate the greatest common factor of 9843 and 34354.
193
What is the greatest common divisor of 21 and 183561?
21
Calculate the highest common factor of 27995 and 37157.
509
Calculate the greatest common factor of 1571605 and 5.
5
Calculate the highest common divisor of 13 and 926887.
13
What is the highest common factor of 5 and 1550455?
5
What is the highest common factor of 6094 and 2574?
22
Calculate the greatest common divisor of 81 and 26433.
27
What is the greatest common divisor of 1453397 and 407?
407
What is the highest common factor of 267435 and 9261?
189
Calculate the greatest common divisor of 14 and 59654.
14
What is the highest common divisor of 7212 and 1428?
12
Calculate the highest common divisor of 34035 and 30.
15
What is the greatest common divisor of 218432 and 112?
16
Calculate the highest common divisor of 38021 and 788.
197
What is the greatest common divisor of 51939 and 4176?
261
Calculate the greatest common divisor of 188727 and 2299.
209
Calculate the highest common divisor of 410484 and 948.
948
Calculate the highest common divisor of 1289910 and 1860.
930
Calculate the highest common factor of 30195 and 366.
183
Calculate the greatest common divisor of 224 and 95543.
7
What is the highest common factor of 150 and 4539?
3
Calculate the highest common factor of 739836 and 36.
36
What is the greatest common factor of 1430660 and 110?
110
Calculate the greatest common factor of 21505 and 5474.
391
Calculate the highest common factor of 114 and 314298.
114
Calculate the highest common factor of 408 and 5844.
12
What is the greatest common divisor of 2784 and 2253648?
1392
What is the highest common divisor of 245 and 2386195?
35
Calculate the greatest common divisor of 141 and 5687.
47
Calculate the greatest common factor of 72 and 687708.
36
Calculate the highest common factor of 23843 and 844.
211
What is the highest common factor of 514680 and 180?
60
Calculate the greatest common factor of 25 and 126475.
25
Calculate the highest common divisor of 12378 and 30.
6
Calculate the highest common divisor of 276 and 10274514.
138
Calculate the highest common factor of 168 and 1995.
21
What is the highest common factor of 205057 and 73?
73
What is the highest common divisor of 55578 and 8007?
471
Calculate the greatest common divisor of 10472 and 55539.
187
What is the greatest common divisor of 393 and 780891?
393
Calculate the highest common divisor of 1543809 and 1128.
141
What is the highest common divisor of 16 and 13988?
4
What is the highest common factor of 14 and 627571?
7
Calculate the hig